e factors of 686156805?
3, 5, 17, 43, 409
List the prime factors of 20943872.
2, 113, 181
What are the prime factors of 5229579?
3, 19, 23, 3989
List the prime factors of 81252070.
2, 5, 8125207
List the prime factors of 112421827.
7, 373, 6151
List the prime factors of 97654714.
2, 2333, 20929
List the prime factors of 309621622.
2, 154810811
List the prime factors of 409483216.
2, 17, 31, 48563
What are the prime factors of 505185507?
3, 1361, 41243
What are the prime factors of 2499501466?
2, 7, 11, 17, 71, 113
List the prime factors of 13072264.
2, 467, 3499
What are the prime factors of 119499573?
3, 263, 311, 487
What are the prime factors of 224435538?
2, 3, 12468641
List the prime factors of 13045313.
59, 127, 1741
List the prime factors of 2302388384.
2, 19, 283, 13381
List the prime factors of 685548548.
2, 73, 137, 17137
List the prime factors of 787857987.
3, 7, 37517047
What are the prime factors of 2836201?
2836201
List the prime factors of 26879539.
3253, 8263
List the prime factors of 107437814.
2, 11, 4883537
What are the prime factors of 9207001053?
3, 53, 6433963
List the prime factors of 30373952.
2, 7, 151, 449
What are the prime factors of 154893683?
7, 22127669
What are the prime factors of 35535398?
2, 17767699
What are the prime factors of 72293558?
2, 113, 319883
List the prime factors of 277436332.
2, 4357, 15919
What are the prime factors of 31211023?
23, 1357001
List the prime factors of 394332180.
2, 3, 5, 11, 597473
List the prime factors of 31838798.
2, 31, 513529
What are the prime factors of 2369193917?
2369193917
List the prime factors of 1105663739.
29033, 38083
What are the prime factors of 4336939?
41, 139, 761
What are the prime factors of 158108678?
2, 7, 13, 43, 89, 227
What are the prime factors of 226379179?
13, 23, 367, 2063
List the prime factors of 322114457.
7, 46016351
What are the prime factors of 7110890025?
3, 5, 1039, 91253
What are the prime factors of 365562626?
2, 11, 13, 1278191
List the prime factors of 815742443.
757, 1077599
List the prime factors of 140517738.
2, 3, 881, 8861
List the prime factors of 62175991.
659, 94349
What are the prime factors of 323052498?
2, 3, 17947361
List the prime factors of 407643553.
407643553
List the prime factors of 1264033814.
2, 193, 3274699
What are the prime factors of 75344157?
3, 7, 107, 11177
What are the prime factors of 418590779?
17, 1448411
List the prime factors of 515001158.
2, 7, 79, 465643
List the prime factors of 2927644351.
37, 79125523
List the prime factors of 989835202.
2, 41, 1777, 6793
List the prime factors of 42015766.
2, 13, 197, 631
List the prime factors of 98646970.
2, 5, 9864697
List the prime factors of 514139.
73, 7043
What are the prime factors of 3248370871?
449, 7234679
List the prime factors of 1802604170.
2, 5, 180260417
What are the prime factors of 685282605?
3, 5, 7, 6526501
List the prime factors of 36066914.
2, 13, 1387189
List the prime factors of 1275604366.
2, 5669, 112507
What are the prime factors of 955470166?
2, 7, 37, 1844537
List the prime factors of 1123797108.
2, 3, 7, 167, 80111
List the prime factors of 4277087130.
2, 3, 5, 23, 6198677
List the prime factors of 3918923768.
2, 307, 1595653
List the prime factors of 574974425.
5, 17, 1352881
What are the prime factors of 119885657?
263, 599, 761
List the prime factors of 65789451.
3, 7, 13, 80329
List the prime factors of 2152632078.
2, 3, 907, 43951
List the prime factors of 24205683.
3, 23, 53, 6619
List the prime factors of 1184774995.
5, 236954999
List the prime factors of 6809344021.
281, 4679, 5179
List the prime factors of 5015947018.
2, 97, 25855397
List the prime factors of 28494495.
3, 5, 211, 3001
What are the prime factors of 1055059215?
3, 5, 7, 739, 13597
List the prime factors of 134854683.
3, 241, 383, 487
What are the prime factors of 185403858?
2, 3, 53, 583031
What are the prime factors of 1825223752?
2, 11, 19, 43, 53, 479
What are the prime factors of 1450326226?
2, 23, 31528831
What are the prime factors of 79706508?
2, 3, 7, 948887
What are the prime factors of 253899405?
3, 5, 47, 120047
List the prime factors of 169108768.
2, 5284649
What are the prime factors of 7971920171?
29, 16529, 16631
What are the prime factors of 1127675431?
181, 6230251
List the prime factors of 951702445.
5, 43, 683, 6481
What are the prime factors of 687666908?
2, 29, 61, 157, 619
What are the prime factors of 24180878?
2, 43, 479, 587
List the prime factors of 510226620.
2, 3, 5, 8503777
List the prime factors of 874765238.
2, 437382619
What are the prime factors of 121063511?
17, 281, 25343
What are the prime factors of 1079420?
2, 5, 31, 1741
List the prime factors of 1556288234.
2, 13933, 55849
List the prime factors of 197356226.
2, 98678113
What are the prime factors of 11538451?
11538451
List the prime factors of 435806073.
3, 487, 99431
List the prime factors of 152451132.
2, 3, 12704261
What are the prime factors of 1234865328?
2, 3, 19, 1354019
What are the prime factors of 301519235?
5, 29, 179, 11617
List the prime factors of 2019926098.
2, 107, 9438907
What are the prime factors of 2990646920?
2, 5, 5387, 13879
What are the prime factors of 127246458?
2, 3, 19, 251, 4447
List the prime factors of 685023384.
2, 3, 29, 661, 1489
List the prime factors of 642420761.
19, 5209, 6491
List the prime factors of 3665478753.
3, 3217, 126601
What are the prime factors of 3186844240?
2, 5, 379, 105107
List the prime factors of 16496720.
2, 5, 206209
List the prime factors of 16846524.
2, 3, 17, 27527
What are the prime factors of 8406744?
2, 3, 350281
List the prime factors of 324624320.
2, 5, 1014451
List the prime factors of 2094225153.
3, 698075051
What are the prime factors of 845721585?
3, 5, 18793813
What are the prime factors of 5281141?
67, 78823
What are the prime factors of 326273679?
3, 1381, 26251
List the prime factors of 1222530147.
3, 521, 260723
List the prime factors of 65492982.
2, 3, 433, 2801
What are the prime factors of 245643340?
2, 5, 29, 53, 61, 131
List the prime factors of 807902842.
2, 31, 13030691
What are the prime factors of 160921870?
2, 5, 29, 523, 1061
What are the prime factors of 84698199?
3, 17, 553583
What are the prime factors of 181033145?
5, 151, 239779
List the prime factors of 45489341.
5197, 8753
List the prime factors of 211402906.
2, 11, 13, 739171
What are the prime factors of 183016244?
2, 23, 1989307
What are the prime factors of 1805730628?
2, 13, 73, 475693
What are the prime factors of 44896727?
29, 79, 19597
List the prime factors of 25703454.
2, 3, 7, 29, 47, 449
What are the prime factors of 449378547?
3, 149792849
List the prime factors of 2146487997.
3, 113, 6331823
What are the prime factors of 64620560?
2, 5, 807757
List the prime factors of 79450200.
2, 3, 5, 14713
What are the prime factors of 70844850?
2, 3, 5, 157433
What are the prime factors of 3835132164?
2, 3, 35510483
What are the prime factors of 2264711216?
2, 141544451
List the prime factors of 41964810.
2, 3, 5, 113, 12379
List the prime factors of 433973807.
17, 41, 67, 9293
List the prime factors of 226065300.
2, 3, 5, 47, 16033
List the prime factors of 132392037.
3, 683, 64613
What are the prime factors of 23456671?
7, 3350953
List the prime factors of 1228373057.
1228373057
What are the prime factors of 237132753?
3, 11, 13, 552757
List the prime factors of 112680452.
2, 28170113
What are the prime factors of 4608846432?
2, 3, 5334313
List the prime factors of 95307879.
3, 31769293
List the prime factors of 470435924.
2, 7, 16801283
List the prime factors of 72749393.
61, 503, 2371
List the prime factors of 3389139219.
3, 53, 21315341
What are the prime factors of 4053699618?
2, 3, 19699, 34297
What are the prime factors of 228426341?
11, 13, 19, 7643
What are the prime factors of 2197363315?
5, 7, 62781809
What are the prime factors of 84469304?
2, 10558663
What are the prime factors of 65784178?
2, 509, 64621
List the prime factors of 42720267.
3, 89, 160001
What are the prime factors of 765044740?
2, 5, 59, 648343
What are the prime factors of 36985986?
2, 3, 311, 6607
List the prime factors of 88380365.
5, 17, 1039769
What are the prime factors of 58672248?
2, 3, 2444677
What are the prime factors of 581496172?
2